2 + 90*p**2 - p**3 + 93*p**2 - 4*p. Calculate c(4).
-32
Let y(v) = -v + 18. Let c(i) = -78*i - 222. Let h be c(-3). Determine y(h).
6
Let c(y) be the second derivative of y**4/12 + y**3/6 + y**2/2 - 274*y. Let n = 58 + -56. Determine c(n).
7
Let a(n) = -13*n**2. Let k be -1 - (3/1 - (21 - -9)). Suppose 7*j = 33*j - k. Calculate a(j).
-13
Let a(m) be the first derivative of m**5/40 + 125*m**3/3 + 26. Let d(x) be the third derivative of a(x). Let n(p) = -p + 3. Let o be n(5). Determine d(o).
-6
Let l(s) = 2*s**2 + 12*s + 5. Let a be l(-5). Let w be (-7)/2*5*(-2)/a. Let d(i) = 4*i + 8. Calculate d(w).
-20
Let x = -38 + 26. Let j = x + 17. Suppose j*w + 6 = -u - 22, -2*u + 2*w = -4. Let z(i) = i**3 + 5*i**2 + 4*i + 1. Give z(u).
7
Let w(k) = k - 8. Let x = -1932 + 1953. Calculate w(x).
13
Let u be 15/(2 + -5) + 71 + -11. Let y(w) = -96*w**2 + 13 - 1 - w**3 + 9*w + u*w**2 + 2*w + 51*w**2. What is y(11)?
12
Let j(n) = 7*n + 5. Let w(x) = 17*x + 12. Suppose v + 15 = 2*v + 2*k, 4*k = 3*v + 5. Let m(p) = v*j(p) - 2*w(p). Suppose 3*d + 9 = 33. Determine m(d).
9
Let o(n) be the second derivative of 2*n**3 + 49*n**2/2 - 4489*n. Determine o(-4).
1
Let s(n) be the third derivative of 92*n**2 + 0*n + 1/30*n**5 + 1/24*n**4 + 0 - 2/3*n**3. Calculate s(-2).
2
Let p(c) = -12 + c**2 - 8*c + 12 - 1. Suppose -2*r = -0*r + 24. Let x be r/(-20) - (-37)/5. Give p(x).
-1
Let q(k) = -89*k - 618. Let z(v) = -37*v - 311. Let n(i) = 4*q(i) - 7*z(i). Determine n(-3).
-4
Let l(j) = -2*j + 8. Let v(b) = b**2 - 14*b - 9. Let u = -39 - -42. Let g be u + (-56)/(-4) - 2. Let i be v(g). Determine l(i).
-4
Let g(t) = -t**3 - 7*t**2 + 2*t + 51. Let d(v) = -222*v - 6665. Let s be d(-30). What is g(s)?
-9
Let g(j) = -j**3 - 8*j**2 - 5*j + 7. Let b be g(-7). Let y(t) be the third derivative of -t**5/60 - t**4/4 + t**3/6 + 4*t**2 + 209*t. Calculate y(b).
-6
Let a(g) = -21*g - 106. Let v be a(-5). Let u be 13/(-26)*(-1 - v). Let h(t) = -t**3 - t + 2. Give h(u).
2
Suppose 20 = 8*n - 6*n. Suppose -2*u = 4*i - 30, -5 + n = 5*u. Let o(k) = 2*k**2 - 10*k + 7. Determine o(i).
35
Let g(o) = -o + 1. Let c(m) = 6*m - 4. Suppose -15 = 12*z + 3*z. Let b(v) = z*c(v) - 5*g(v). Determine b(-7).
6
Let c = -11 + 14. Let n(l) = 3*l + 4*l - 4*l**2 + 5 + 5*l**2 + 0*l**2 - c*l. What is n(-4)?
5
Suppose -3*w = -4*z + 8, 0 = -2*z - z - 4*w - 19. Let b(n) = 241*n**2 + n - 271*n**2 + 12*n**2. Determine b(z).
-19
Let d(g) = -860*g + 1719*g + 4 - 854*g + 10. What is d(10)?
64
Suppose 83*i + 203 = -46. Let z(l) = -2*l**3 - 9*l**2 + 11*l - 7. Let m(o) = 9*o**2 - 5*o - 5 + o**3 + 8 - 5*o**2. Let r(x) = 5*m(x) + 2*z(x). Determine r(i).
1
Let y(d) be the first derivative of -3*d**2 - 2*d + 168. Let o(w) = -2*w**3 - 16*w**2 + 18*w - 5. Let v be o(-9). Determine y(v).
28
Let l(f) be the third derivative of f**5/60 - 13*f**4/24 + 10*f**3/3 + 1763*f**2. Give l(13).
20
Let i be ((-39)/12 + 2)*-52. Suppose 64*m - i*m + 4 = 0. Let c(z) be the second derivative of z**5/20 - 5*z**4/12 + z**3 - z**2 + 10*z. Determine c(m).
6
Let j(g) be the second derivative of -g**3/6 + g**2/2 - 600*g + 1. Let x = -5 - 0. Calculate j(x).
6
Suppose -5*u = -g + 48, 2*u - 8 = -g - 23. Let k(i) = i**2 + 7*i - 12. What is k(u)?
6
Let l(b) = 9*b + 1 + 5*b - 4*b. Let c be (6*(-6)/21)/(4/(-42)). Suppose 3*v = -4*x - 23, -4*v = 2*x - 4 + c. Give l(v).
-9
Let u(v) = -69*v**2 + 5*v + 11. Let q = -907 - -905. Let l(a) = 12*a**2 - a - 2. Let j(n) = q*u(n) - 11*l(n). Let s = 2 + -1. What is j(s)?
7
Let g(i) = 68*i**2 - 31*i**2 - 2*i + 42 - 46 - 50*i**2. Give g(-2).
-52
Let a(m) = -2. Let p(g) = -g + 9. Let t(x) = -3*a(x) - p(x). Let c = 5 - -7. Let w = -8 + c. Give t(w).
1
Let n(r) = -2*r - 2. Let c(f) = -f**3 + f**2 + f + 60. Let h be c(0). Let k = -2561 - -2565. Suppose 76 - h = -k*q. Calculate n(q).
6
Suppose 5*m = 5*g - 2*g + 3, 0 = 3*g + 3*m + 27. Let a(i) = 4 - 3 + i + 2*i. Let d(y) = y. Let t(h) = -2*a(h) + 7*d(h). Calculate t(g).
-8
Let g(o) = o. Let c = -151 + 161. Suppose 5*v - c*v = -20. What is g(v)?
4
Let u(y) = -189*y + 72*y + 63*y + 3 - 2*y**2 + 15 + 82*y. What is u(13)?
44
Suppose 0 = 3*w - 9*w + 12. Let u be ((-64)/(-5))/(w/5). Suppose -5*g = -u + 12. Let s(v) = v**3 - 5*v**2 - 4. What is s(g)?
-20
Let h = -112 + 109. Suppose 2*k - k + 180 = 0. Let x be (0 - h/2)*k/(-54). Let j(z) = -2*z + 7. Calculate j(x).
-3
Let c(l) = l**2 + 5*l - 10. Let d be c(-7). Let p(k) be the third derivative of k**6/120 - k**5/15 - k**4/24 - 2*k**3/3 + 883*k**2. What is p(d)?
-8
Suppose -11*n - 62 = 37 - 55. Let h(i) = 6*i - 8*i + 3 + 0*i**2 - i**2. Determine h(n).
-5
Let u(v) = v**3 - 11*v**2 + 12*v**2 - 4*v**2 - 8*v**2 - 16 - 10*v. Suppose -5*y + 4*i + 56 = -y, 5*y - 68 = 4*i. Give u(y).
8
Let a(k) = 5*k**3 + 4*k**2 + 24*k + 30. Let g(m) = -3*m**3 - 2*m**2 - 16*m - 20. Let b(w) = 11*w + 115. Let u be b(-10). Let d(v) = u*a(v) + 8*g(v). Give d(-5).
5
Let d(z) = -7*z + 13. Let a(k) = -10. Let v(j) = -2*a(j) - d(j). Calculate v(-4).
-21
Let q(v) be the second derivative of v**4/12 + v**2 - v - 332. What is q(-1)?
3
Let b(f) be the third derivative of f**7/5040 + f**6/720 + 71*f**5/30 + 2*f**2 + 25*f. Let d(g) be the third derivative of b(g). Give d(6).
7
Let u(z) = -15*z + 25. Let p(b) = -148*b + 252. Let y(k) = 2*p(k) - 21*u(k). Calculate y(3).
36
Let f(m) = -3*m**2 + 17*m + 32. Let c(d) = d**2 - 4*d - 8. Let x(i) = -9*c(i) - 2*f(i). Determine x(0).
8
Let q(f) = 9*f - 26. Let u(y) = 4*y - 11. Let z(n) = -2*q(n) + 5*u(n). Let d = -3 + 8. Give z(d).
7
Let c = -1 + 1. Let w(y) be the first derivative of y**4/4 - y**3/3 + 9*y - 9091. What is w(c)?
9
Let g(z) = 2*z**3 - 8*z**2 + 4*z - 3*z**3 - 3*z + 6. Let y = 1446 - 1439. Suppose -216 = 20*x + y*x. What is g(x)?
-2
Let s(f) = -4*f + 3. Let k = 90 + -228. Let m = -141 - k. Determine s(m).
15
Let s be 51/45 - 2/15. Let a be ((-4 - -2) + 11 + -10)/s. Let i(l) = -7*l**3 + l**2 - l - 1. What is i(a)?
8
Let p(o) = 665*o + 1057. Let i(b) = 44*b + 71. Let n(y) = 91*i(y) - 6*p(y). What is n(-8)?
7
Let t(n) = -n**3 - 12*n**2 - 10*n + 16. Let q = -76 + 65. Let x be t(q). Suppose -16 = -g - 4*d, 0*g - x*d = -3*g + 14. Let y(l) = l - 8. Determine y(g).
0
Let u(b) = b**3 - 5*b**2 - 6*b - 6. Let d(a) = a + 16. Let y be d(-16). Let x = 85 + -81. Suppose -c + x*m = -3*c - 4, y = -4*m - 16. Give u(c).
-6
Let z(l) = -l**2 + 9*l - 16. Let d be z(6). Let v(u) = -u**3 + 5*u**2 - 5*u + 5. What is v(d)?
7
Let x(c) = -c**3 - 8*c**2 - 13. Let d be x(-7). Let a = d - -57. Let u(b) = b**3 + 4*b**2 - 3*b. Calculate u(a).
-10
Let x(v) be the first derivative of v**4/4 + 4*v**3/3 - v**2/2 + 4*v - 1. Let n = 2347 - 2351. Determine x(n).
8
Suppose 0 = -i + y + 67, 3*i + 7*y = 4*y + 183. Suppose 0 = 7*c - i - 69. Let z = c + -22. Let p(d) = -d**2 - 5*d + 3. Calculate p(z).
9
Let k(q) be the first derivative of q**3 + 3*q**2 - q + 2487. What is k(2)?
23
Let w(g) = 5*g**2 + 6*g - 3. Let u(c) = c**2 - 1. Let m = 575 - 579. Let s(z) = m*u(z) + w(z). Give s(-5).
-4
Let o(c) be the third derivative of -c**7/2520 - 7*c**6/360 - c**5/40 + 11*c**4/4 + 95*c**2. Let y(x) be the second derivative of o(x). Calculate y(-14).
-3
Let x = -134 + 137. Suppose -z = -2*p + p - 1, -x*p + z + 7 = 0. Let s(w) = p - 1 + 6*w - 2. What is s(-1)?
-5
Let h(i) = 3*i**2 - 42*i + 13. Let z(b) = 42*b - 1629. Let k be z(39). Determine h(k).
-122
Let b = -136 - -139. Let v(w) = 17 + 25 + 17 - 58 + w**b + 7*w**2 + 5*w. Give v(-6).
7
Let a(x) = -94*x**2 - 15*x + 19 - 71 + 55*x**2 + x**3 + 22*x**2. Give a(18).
2
Suppose 5*g + h - 12 = 0, -1025*g = -1024*g + h - 8. Let u(c) = -3*c**2 - 20*c + 23. What is u(g)?
0
Let a = 5789 + -5789. Let r(o) = o**2 + 4*o - 1. Determine r(a).
-1
Let v(h) = -h**3 - 34*h**2 + 76*h - 109. Let p(k) = -3*k**3 - 102*k**2 + 227*k - 303. Let m(b) = 4*p(b) - 11*v(b). Determine m(-36).
-13
Let n(x) = -x**2 + 7 + 3 - 3 + 0 - x + 5. Calculate n(-3).
6
Let u(r) be the first derivative of r**2/2 + 2*r + 81. Let k(t) = -9*t - 154. Let n be k(-18). Determine u(n).
10
Let b(c) be the second derivative of 4*c**4/3 + c**3/6 + 32*c. Let j(w) = -4*w + 19. Let x be j(5). Determine b(x).
15
Let d(t) be the second derivative of -t**4/12 + 10*t**3/3 + t**2 - 28*t - 46. What is d(12)?
98
Let s(b) = -16*b + 208*b**3 + 12*b + 2*b**2 - 209*b**3 - 3 + 8*b - 3*b**2. Suppose 4*k 